ond derivative of o**4/12 + o**3 - 5*o**2/2 + o. Determine g(u).
-10
Suppose q - j = -3, -13*j + 5 = -12*j. Let l(s) = -3*s**3 + 2*s**2 + 3*s - 3. Give l(q).
-13
Let c(h) = -3*h**3 - 9*h**2 + 6*h - 5. Let r(u) = 4*u**3 + 10*u**2 - 5*u + 4. Let s be (-3 + 6)*(-1 + 0). Let z(j) = s*c(j) - 2*r(j). Calculate z(-8).
7
Let d(v) be the first derivative of 2 + 0*v + 5/2*v**2 - 1/3*v**3. What is d(4)?
4
Suppose 2*c = -7 - 3. Let z(o) = 4*o - 1. Let a(f) = 4*f. Let b(d) = -3*a(d) + 4*z(d). Let k(s) = -7*s + 8. Let y(r) = c*b(r) - 3*k(r). Determine y(3).
-1
Let g(k) = -2*k**2 - 2*k - 2. Let z be 11/(44/24)*5/(-15). Give g(z).
-6
Let p be (-24)/(-264) + (-20)/(-22). Let s(f) = 2*f - 2*f - 7*f. Give s(p).
-7
Let m(l) = l**2 + l + 2. Let z be (3 - (1 - 0)) + -26. Let a = z + 21. Let r be ((-3)/2)/(a/(-4)). What is m(r)?
4
Let h = -5 - -11. Let k(m) = 4 + 7*m**2 + m**3 - 6 + m + h. What is k(-7)?
-3
Let g = -76 + 84. Let j be (-15)/10 + (-20)/g. Let s(m) = m**2 - 4*m - 6. Let k(w) = w**2 - 3*w - 5. Let b(c) = -6*k(c) + 5*s(c). Calculate b(j).
-8
Let m be -1 + 68/10 + 2/10. Let l(k) be the second derivative of -k**4/12 + 4*k**3/3 + 5*k**2/2 - 10*k. Give l(m).
17
Let f(w) be the third derivative of -w**5/60 + w**4/12 + 7*w**3/6 - 5*w**2 + 3*w. What is f(-3)?
-8
Let l(p) = p**2 + 4*p + 2. Suppose 0 = -4*u + 13 + 15. Suppose u*t = -18 - 3. What is l(t)?
-1
Let u(f) = -3*f + 36. Let p(x) = -x**3 - 8*x**2 + 9*x + 86. Let s be p(-8). Determine u(s).
-6
Suppose -m + 5*m = -3*y + 5, -4*m - 23 = -y. Let t(o) = -o**3 + 7*o**2 - 6. Determine t(y).
-6
Suppose 5*g - 11 = -5*p + 24, 4*p = -16. Let x(u) = -u + 4. Determine x(g).
-7
Let n(m) = m**3 - 3*m**2 + 3*m - 3. Suppose -5*f - 5 = 8*d - 13*d, 5*f - 13 = -d. Give n(d).
6
Let b(l) = -21*l + 1 + 1 - 3 + 13*l. Determine b(1).
-9
Suppose -22 = 117*d - 119*d. Suppose -5 = -s - d. Let t(j) = -j**3 - 7*j**2 - 5*j + 2. Determine t(s).
-4
Let s = -104 - -111. Let u(t) = -t**2 + 8*t + 10. Give u(s).
17
Suppose 0*i + 6 = 3*i. Let t(l) = -4*l + 0*l**i - 7 + 2*l**2 - l**2. Give t(6).
5
Suppose 54 + 18 = -9*h. Let z(n) = -n - 9*n - 6 - n**3 - 9*n**2 + 2*n. Give z(h).
-6
Let h(x) = x**2 - 8*x + 11. Let c(g) = 12*g + 317. Let v be c(-26). Give h(v).
-4
Let b = 6052 + -6055. Let s(u) = u**2 - 9*u - 7. Let h(q) = 2*q**2 - 26*q - 20. Let a be 30/(-9)*(-6)/5. Let w(x) = a*h(x) - 11*s(x). Calculate w(b).
-15
Let o(y) = 0 + 1 + 1 - 7 - y. Suppose -5*x = 2*x + 35. What is o(x)?
0
Let t(b) = b**3 - 2*b**2 + b + 2. Let o be (4 + -1)*78/(-117). Give t(o).
-16
Let r(j) = -3*j - 2. Suppose 3*h - 5*k - 31 = 0, 4*h - 2*k = -6*k - 12. Suppose 4*g + 5*o = -18, -h*g + g - 2*o = 6. Determine r(g).
4
Let i(b) = 5*b**2 + 7*b. Let v(c) = c**3 - c**2 + 1. Let l(p) = -p**3 + 2*p**2. Let n be l(1). Let r(o) = n*v(o) - i(o). Calculate r(7).
1
Suppose -3*v - 2 - 13 = 0. Let h(r) = -r**2 - 5*r - 3. Calculate h(v).
-3
Let h(l) = -l - 5. Suppose 2*g - 10 = -4*m, -3*g - 6 = -g. Suppose -22*f = -m*f + 180. Calculate h(f).
5
Suppose 5*c - 23 = 2. Let k(q) = -5*q - 5*q**3 - q**2 + 3*q + c*q**3 + q**3. Give k(2).
0
Let x(b) = -2 + 11 - 10 - 4*b. Determine x(-5).
19
Let v(p) = 3*p - 3*p + p**3 - 5*p**2 - 3 + p + p**2. Let f be (-5 - (-70)/15)*-9. Determine v(f).
-9
Let r(a) = -3*a**3 - 1. Let g = 1 + -1. Suppose -2*l - 2 = -g*l. What is r(l)?
2
Let l(x) = -8*x**3 + 64*x**2 + 6. Let m be l(8). Let b(v) = -3*v + 2. Determine b(m).
-16
Let n(z) = 3*z - 2*z**2 - 4*z - 2*z**2 - z**2. Let u(d) = -d - 4. Let k be u(-7). Suppose -4 = 4*c - 4*b, -2*c = -b + k*b + 2. Give n(c).
-4
Suppose 5*b = d - 1 - 4, 0 = 5*b. Let s = 21 - 9. Let t = d - s. Let j(f) = f**3 + 6*f**2 - 7*f - 10. Calculate j(t).
-10
Let c(f) be the second derivative of -f**4/12 - 4*f**3/3 - 3*f**2/2 - f. Let m be (2 - (-4)/16)/(141/(-376)). Determine c(m).
9
Suppose -6*s + 3 = -27. Let l(i) = i**3 - 6*i**2 + 7*i - 7. What is l(s)?
3
Let n(a) = -a**2 - a**3 + 207*a + 10*a**2 - 216*a + 5. What is n(8)?
-3
Let k(z) be the first derivative of 3*z**2 + 12. Let r(n) = 11*n. Suppose -o - 3*h + 2 = 0, -16 = -6*o + 3*o + h. Let y(w) = o*k(w) - 3*r(w). Give y(3).
-9
Let t(f) = f - 8. Let a(l) = l**3 - 2*l**2 + 4. Let m be a(0). Suppose -k - 8 = -3*k - m*g, -4*g + 8 = 0. Give t(k).
-8
Suppose -3 = -q + 2*v + 8, 3*q - 66 = -5*v. Let k = -8 + q. Let l(x) = x - 6. What is l(k)?
3
Let y(z) = -1 + 12 - 11 - 8 - 4 - 2*z. Give y(6).
-24
Let j(d) = -5*d - d**3 + 2*d - 5 + 39*d**2 + 1 - 42*d**2. Give j(-2).
-2
Let z = 5 + -8. Let x(s) = -7*s**3 - 6*s**2 + 16*s - 21. Let c(d) = -3*d**3 - 3*d**2 + 7*d - 9. Let r(j) = 5*c(j) - 2*x(j). Calculate r(z).
-12
Let a(w) = -4*w + 0 - 14*w**2 + 1 + 13*w**2 - 1 + 2. Determine a(-4).
2
Let h(y) = -7*y + 27. Let w(q) = 11*q - 40. Let z(b) = 8*h(b) + 5*w(b). Suppose 3*l = 6*l - 21. Determine z(l).
9
Let d(z) be the third derivative of -z**5/60 - z**4/3 - 2*z**3/3 + 139*z**2. Give d(-8).
-4
Let g(f) = -23*f**2 + 4*f - 1. Let a(v) = -v**2 + v. Let r(q) = 3*a(q) - g(q). Determine r(1).
20
Let l(n) = n**3 + 3*n**2 - 6*n - 4. Let g(d) = -2*d - 7. Let c(t) = -t**2 - 9*t + 14. Let b be c(-11). Let y be g(b). Let m = y + -13. Give l(m).
4
Suppose 5*k = 2*f + 29, -5*f - 3 = 3*k - 8. Let s(w) = 3*w - w - 29 + 3*w**2 + w**3 + 27 - k*w. Let q(n) = 2*n + 7. Let d be q(-5). Give s(d).
7
Let z(l) = l**2 - 9*l + 4. Let w be (300/175)/(85/70 + -1). Determine z(w).
-4
Let t(a) be the third derivative of a**5/60 + a**4/6 - a**3/6 + 28*a**2. Suppose -2*b - 6 = -18. Suppose 0 = -3*i + s - 5 - b, 5*i + s = -5. What is t(i)?
-5
Let a(x) be the second derivative of x**6/120 + 2*x**5/15 + 3*x**4/8 + 3*x**3/2 + 4*x**2 + 6*x. Let i(u) be the first derivative of a(u). Calculate i(-7).
-5
Let o(u) be the second derivative of -u**3/6 + u**2 + 43*u. Let y = 1 + -6. What is o(y)?
7
Let v(p) be the third derivative of p**4/24 - 7*p**3/6 - p**2 + 981. Let n(r) = -4*r + 1. Let h be n(-1). Calculate v(h).
-2
Suppose -5*r + 84 = -4*r. Suppose 4*j + r = 4*d, -5*j + 6 - 99 = -d. Let s = j - -12. Let o(l) = -l + 8. Determine o(s).
14
Let z be 9/(-7)*(110/15 - 12). Let n(v) = 2*v**2 - 21*v - 1. Let f(l) = l**2 - 11*l. Let r(b) = -11*f(b) + 6*n(b). Calculate r(z).
0
Let r(k) = k**2 - k. Let x(f) be the first derivative of 4*f**3/3 - 4*f**2 - 4*f - 22. Suppose 4*u = 5 - 1. Let p(q) = u*x(q) - 5*r(q). Calculate p(-3).
-4
Let f(s) be the third derivative of 5/6*s**3 + 0 - 1/8*s**4 - 1/60*s**5 + 0*s + 8*s**2. Give f(-4).
1
Let r(z) be the third derivative of z**6/120 - 3*z**5/20 + z**4/12 - 7*z**3/6 + 233*z**2. Determine r(9).
11
Let y = -48 - -43. Let c(s) = s**3 + 4*s**2 - 2*s - 2. Give c(y).
-17
Let j(r) = -r. Let d(m) = 6*m - 3. Let o(f) = -2*d(f) - 14*j(f). What is o(-10)?
-14
Let k(j) be the third derivative of j**4/12 - j**3/2 - j**2. Calculate k(6).
9
Let o(g) = -g - 4. Let c(m) = -m**2 - 13*m - 16. Let p be c(-11). Let k be -4*-3*2/p + 3. Calculate o(k).
-11
Suppose 45 = 5*t - i, t = -0*t + 3*i + 9. Let p(l) = -l + 8. Determine p(t).
-1
Let m be (-4)/(-50) - ((-19504)/575 - -37). Let s(r) = -3*r**3 - 4*r**2 + 3*r - 3. Let n(i) = -7*i**3 - 9*i**2 + 7*i - 7. Let u(x) = 2*n(x) - 5*s(x). Give u(m).
-5
Suppose 0 = l - 4*l - 3. Let c(p) = 3*p**3 + p**2 - p - 2. What is c(l)?
-3
Let o(k) be the first derivative of k**6/360 + k**5/30 + 2*k**3/3 - 15. Let a(j) be the third derivative of o(j). Calculate a(-3).
-3
Let l(j) = 6*j**2 - 2*j + 2. Let q be l(1). Let t(x) = q*x**2 + 5 - 6 + 8 + 8*x. Let n(s) = 5*s**2 + 7*s + 6. Let y(c) = 4*n(c) - 3*t(c). Determine y(-3).
9
Let d(b) be the third derivative of -b**4/24 + 2*b**3/3 - b**2 + 96. Determine d(4).
0
Let p(b) = 3*b + 3. Let g(q) = q**2 + 13*q. Let v be g(-12). Let k(z) = -z**3 - 12*z**2 - 3*z - 30. Let d be k(v). Calculate p(d).
21
Let w(q) be the first derivative of q**2/2 - 11*q - 325. Let b = -12 - -25. Determine w(b).
2
Let n(s) = s**3 - s**2 - 1. Let k(z) = -4*z**3 + 8*z**2 - 2*z + 5. Let g(v) = -k(v) - 3*n(v). Suppose c + 6*c - 35 = 0. What is g(c)?
8
Suppose -4*f + 8 = -4*z - 0*z, -5*z = -4*f + 12. Let i(q) = q**2 - q. Let p(o) = -9*o**2 + 2*o - 3. Let b(w) = -6*i(w) - p(w). Determine b(f).
7
Let h(a) = 2*a**2 - 3*a - 3. Let z be (-9 + 5)/(1 + -2). Suppose z*d = f - 8, 5*d + f = -6 - 4. Determine h(d).
11
Let q(j) be the first derivative of -j**5/20 - j**4/3 + 2*j**3/3 - 2*j**2 -